{"id":109,"date":"2025-03-19T20:56:21","date_gmt":"2025-03-19T20:56:21","guid":{"rendered":"https:\/\/dr.swidnica.pl\/?page_id=109"},"modified":"2025-04-03T20:54:01","modified_gmt":"2025-04-03T20:54:01","slug":"baza-wiedzy","status":"publish","type":"page","link":"https:\/\/dr.swidnica.pl\/?page_id=109","title":{"rendered":"Baza wiedzy"},"content":{"rendered":"\n<figure class=\"wp-block-gallery has-nested-images columns-default is-cropped wp-block-gallery-1 is-layout-flex wp-block-gallery-is-layout-flex\">\n<figure class=\"wp-block-image size-large\"><img loading=\"lazy\" decoding=\"async\" width=\"1024\" height=\"683\" data-id=\"77\" src=\"https:\/\/dr.swidnica.pl\/wp-content\/uploads\/2024\/11\/pexels-mayumi-maciel-686681543-18696486-1024x683.jpg\" alt=\"\" class=\"wp-image-77\" srcset=\"https:\/\/dr.swidnica.pl\/wp-content\/uploads\/2024\/11\/pexels-mayumi-maciel-686681543-18696486-1024x683.jpg 1024w, https:\/\/dr.swidnica.pl\/wp-content\/uploads\/2024\/11\/pexels-mayumi-maciel-686681543-18696486-300x200.jpg 300w, https:\/\/dr.swidnica.pl\/wp-content\/uploads\/2024\/11\/pexels-mayumi-maciel-686681543-18696486-768x512.jpg 768w, https:\/\/dr.swidnica.pl\/wp-content\/uploads\/2024\/11\/pexels-mayumi-maciel-686681543-18696486-1536x1024.jpg 1536w, https:\/\/dr.swidnica.pl\/wp-content\/uploads\/2024\/11\/pexels-mayumi-maciel-686681543-18696486-2048x1365.jpg 2048w\" sizes=\"auto, (max-width: 1024px) 100vw, 1024px\" \/><\/figure>\n<\/figure>\n\n\n\n<p class=\"has-text-align-center o-typing-delay-5s o-typing-slow\"><strong><span class=\"highlight\"><o-anim-typing>Warto zobaczy\u0107<\/o-anim-typing><\/span><\/strong><\/p>\n\n\n\n<ul class=\"wp-block-list\">\n<li><a href=\"https:\/\/www.youtube.com\/watch?v=rrO-SlDtqOY\">Epoka niedojrza\u0142ych m\u0119\u017cczyzn &#8211; Syndrom Piotrusia Pana &#8211; dr Jacek Pulikowski<\/a><\/li>\n\n\n\n<li><a href=\"https:\/\/www.youtube.com\/watch?v=-XKtEhKq7KA\">Wyk\u0142ad &#8222;O komunikacji buduj\u0105cej blisko\u015b\u0107&#8221; &#8211; dr. Agnieszka Kozak<\/a><\/li>\n\n\n\n<li><a href=\"https:\/\/www.youtube.com\/watch?v=JadKAJKxEAo\">Adam Szustak OP: Jak dogada\u0107 si\u0119 w zwi\u0105zku?<\/a><\/li>\n\n\n\n<li><a href=\"https:\/\/www.youtube.com\/watch?v=M_TkDjrAm5w\">https:\/\/www.youtube.com\/watch?v=M_TkDjrAm5w<\/a><\/li>\n\n\n\n<li><a href=\"https:\/\/www.youtube.com\/watch?v=krhg799sP2E\">ks.Piotr Pawlukiewicz- o Kobiecie i jej sercu<\/a><\/li>\n\n\n\n<li><a href=\"https:\/\/www.youtube.com\/watch?v=yLSzfduDHhQ\">Jak by\u0107 prawdziw\u0105 kobiet\u0105? | Jacek Pulikowski<\/a><\/li>\n<\/ul>\n\n\n\n<p class=\"has-text-align-center o-typing-delay-5s o-typing-slow\"><strong><span class=\"highlight\"><o-anim-typing>Warto Przeczyta\u0107<\/o-anim-typing><\/span><\/strong><\/p>\n\n\n\n<p><strong>Encykliki<\/strong><\/p>\n\n\n\n<ul class=\"wp-block-list\">\n<li><a href=\"http:\/\/kodr.pl\/wp-content\/uploads\/2018\/10\/franciszek-lumen_fidei.pdf\">Franciszek \u2013 Lumen Fidei<\/a><\/li>\n\n\n\n<li><a href=\"http:\/\/kodr.pl\/wp-content\/uploads\/2017\/03\/evangelium_vitae.pdf\">\u015bw. Jan Pawe\u0142 II \u2013 Evangelium vitae<\/a><\/li>\n\n\n\n<li><a href=\"http:\/\/kodr.pl\/wp-content\/uploads\/2017\/03\/humanae_vitae.pdf\">\u015bw. Pawe\u0142 VI \u2013 Humanae vitae<\/a><\/li>\n\n\n\n<li><a href=\"https:\/\/ekai.pl\/dokumenty\/encyklika-divini-illius-magistri\/\">Pius XI \u2013 Divini Illius Magistri<\/a><\/li>\n\n\n\n<li><a href=\"https:\/\/opoka.org.pl\/biblioteka\/W\/WP\/pius_xi\/encykliki\/casti_connubi_31121930.html\">Pius XI \u2013 Casti Connubi<\/a><\/li>\n\n\n\n<li><a href=\"http:\/\/kodr.pl\/wp-content\/uploads\/2018\/10\/leon_xiii_arcanum_divinae.pdf\">Leon XIII \u2013 Arcanum Divinae Sapientiae<\/a><\/li>\n<\/ul>\n\n\n\n<p><\/p>\n\n\n\n<p><strong><strong>Adhortacje<\/strong><\/strong><\/p>\n\n\n\n<ul class=\"wp-block-list\">\n<li><a href=\"http:\/\/kodr.pl\/wp-content\/uploads\/2018\/10\/adhortacja_evangelii_gaudium.pdf\">Franciszek \u2013 Evangelii Gaudium<\/a><\/li>\n\n\n\n<li><a href=\"http:\/\/kodr.pl\/wp-content\/uploads\/2018\/10\/07_papa-francesco_esortazione-ap_20160319_amoris-laetitia_pl.pdf\">Franciszek \u2013 Amoris Laetitia<\/a><\/li>\n\n\n\n<li><a href=\"http:\/\/kodr.pl\/wp-content\/uploads\/2017\/03\/familiaris_consortio.pdf\">\u015bw. Jan Pawe\u0142 II \u2013 Familiaris consortio<\/a><\/li>\n\n\n\n<li><a href=\"http:\/\/kodr.pl\/wp-content\/uploads\/2017\/02\/christifideles-laici.pdf\">\u015bw. Jan Pawe\u0142 II \u2013\u00a0 Christifideles Laici<\/a><\/li>\n\n\n\n<li><a href=\"http:\/\/kodr.pl\/wp-content\/uploads\/2018\/10\/adhortacja_redepmptoris_custos.pdf\">\u015bw. Jan Pawe\u0142 II \u2013 Redemptoris Custos<\/a><\/li>\n<\/ul>\n\n\n\n<p><\/p>\n\n\n\n<p><strong>Listy apostolskie<\/strong><\/p>\n\n\n\n<ul class=\"wp-block-list\">\n<li><a href=\"http:\/\/kodr.pl\/wp-content\/uploads\/2017\/03\/list_do_rodzin.pdf\">\u015aw. Jan Pawe\u0142 II \u2013 List do rodzin\u00a0<em>Gratissimam Sane<\/em><\/a><\/li>\n\n\n\n<li><a href=\"http:\/\/kodr.pl\/wp-content\/uploads\/2018\/10\/jp2-list_do_dzieci.pdf\">\u015aw. Jan Pawe\u0142 II \u2013 List do dzieci w Roku Rodziny<\/a><\/li>\n\n\n\n<li><a href=\"http:\/\/kodr.pl\/wp-content\/uploads\/2018\/10\/jp2-mulieris_dignitatem.pdf\">\u015aw. Jan Pawe\u0142 II \u2013 List do kobiet<em>\u00a0Mulieris Dignitatem<\/em><\/a><\/li>\n\n\n\n<li><a href=\"http:\/\/kodr.pl\/wp-content\/uploads\/2017\/02\/Synod-o-Rodzinie-dokument-ko%C5%84cowy.pdf\">Synod o Rodzinie \u2013 dokument ko\u0144cowy<\/a><\/li>\n\n\n\n<li><a href=\"http:\/\/kodr.pl\/wp-content\/uploads\/2017\/03\/karta_praw_rodziny.pdf\">Karta Praw Rodziny<\/a><\/li>\n<\/ul>\n\n\n\n<p><\/p>\n\n\n\n<p><strong>Dokumenty Kongregacji Nauki Wiary<\/strong><\/p>\n\n\n\n<ul class=\"wp-block-list\">\n<li><a href=\"http:\/\/kodr.pl\/wp-content\/uploads\/2018\/10\/donum_vitae.pdf\">Instrukcja o szacunku dla rodz\u0105cego si\u0119 \u017cycia ludzkiego i o godno\u015bci jego przekazywania odpowiedzi na niekt\u00f3re aktualne zagadnienia\u00a0<em>Donum Vitae<\/em><\/a><\/li>\n\n\n\n<li><a href=\"http:\/\/kodr.pl\/wp-content\/uploads\/2018\/10\/dignitas_personae.pdf\">Instrukcja dotycz\u0105ca niekt\u00f3rych problem\u00f3w bioetycznych\u00a0<em>Dignitas Personae<\/em><\/a><\/li>\n\n\n\n<li><a href=\"http:\/\/kodr.pl\/wp-content\/uploads\/2018\/10\/iura_et_bona.pdf\">Deklaracja o eutanazji\u00a0<em>Iura et bona<\/em><\/a><\/li>\n\n\n\n<li><a href=\"http:\/\/kodr.pl\/wp-content\/uploads\/2018\/10\/persona_humana.pdf\">Deklaracja o niekt\u00f3rych zagadnieniach etyki seksualnej\u00a0<em>Persona humana<\/em><\/a><\/li>\n\n\n\n<li><a href=\"http:\/\/kodr.pl\/wp-content\/uploads\/2018\/10\/quaecumque_sterilizatio.pdf\">Dokument dotycz\u0105cy sterylizacji\u00a0<em>Quaecumque sterilizatio<\/em><\/a><\/li>\n\n\n\n<li><a href=\"http:\/\/kodr.pl\/wp-content\/uploads\/2018\/10\/quaestio_de_abortu.pdf\">Deklaracja o przerywaniu ci\u0105\u017cy\u00a0<em>Quaestio De Abortu Procurato<\/em><\/a><\/li>\n\n\n\n<li><a href=\"http:\/\/kodr.pl\/wp-content\/uploads\/2018\/10\/utrum_impotentia.pdf\">Dekret o impotencji, kt\u00f3ra powoduje niewa\u017cno\u015b\u0107 ma\u0142\u017ce\u0144stwa\u00a0<em>Sacra congregatio (Utrum Impotenta)<\/em><\/a><\/li>\n\n\n\n<li><a href=\"http:\/\/kodr.pl\/wp-content\/uploads\/2018\/10\/Instrukcja-Ut-Notum-Est.pdf\">Instrukcja o rozwi\u0105zaniu ma\u0142\u017ce\u0144stwa na mocy przywileju wiary\u00a0<em>Ut Notum Est<\/em><\/a><\/li>\n\n\n\n<li><a href=\"http:\/\/kodr.pl\/wp-content\/uploads\/2018\/10\/Instrukcja-o-ma%C5%82%C5%BCe%C5%84stwach-mieszanych.pdf\">Instrukcja o ma\u0142\u017ce\u0144stwach mieszanych\u00a0<em>Matrimonii sacramentum<\/em><\/a><\/li>\n\n\n\n<li><a href=\"https:\/\/opoka.org.pl\/biblioteka\/W\/WR\/kongregacje\/kdwiary\/kobieta_31052004.html\">List do biskup\u00f3w Ko\u015bcio\u0142a katolickiego o wsp\u00f3\u0142dzia\u0142aniu m\u0119\u017cczyzny i kobiety w Ko\u015bciele i \u015bwiecie<\/a><\/li>\n\n\n\n<li><a href=\"https:\/\/opoka.org.pl\/biblioteka\/W\/WR\/kongregacje\/kdwiary\/zbior\/t_1_15.html\">List o nierozerwalno\u015bci Ma\u0142\u017ce\u0144stwa<\/a><\/li>\n\n\n\n<li>Dokumenty Kongregacji Wychowania Katolickiego<\/li>\n\n\n\n<li><a href=\"http:\/\/kodr.pl\/wp-content\/uploads\/2020\/06\/Wskazania-dla-formacji-alumn%C3%B3w.pdf\">Wskazania dla formacji alumn\u00f3w dotycz\u0105ce zagadnie\u0144 ma\u0142\u017ce\u0144stwa i rodziny<\/a><\/li>\n<\/ul>\n\n\n\n<p><\/p>\n\n\n\n<p><strong>Dokumenty Dykasterii ds. \u015awieckich, Rodziny i \u017bycia (d. Papieska Rada ds. Rodziny)<\/strong><\/p>\n\n\n\n<ul class=\"wp-block-list\">\n<li><a href=\"http:\/\/kodr.pl\/wp-content\/uploads\/2018\/10\/ludzka_plciowosc_prawda_i_znaczenie.pdf\">Ludzka p\u0142ciowo\u015b\u0107: prawda i znaczenie<\/a><\/li>\n\n\n\n<li><a href=\"https:\/\/opoka.org.pl\/biblioteka\/W\/WR\/rady_pontyfikalne\/r_rodziny\/redukcja_embrionow_12072000.html\">Deklaracja w sprawie tzw. redukcji embrion\u00f3w<\/a><\/li>\n\n\n\n<li>Ma\u0142\u017ce\u0144stwo, rodzina, a wolne zwi\u0105zki<\/li>\n\n\n\n<li><a href=\"http:\/\/kodr.pl\/wp-content\/uploads\/2018\/10\/file.pdf\">Vademecum dla spowiednik\u00f3w. O niekt\u00f3rych zagadnieniach moralnych dotycz\u0105cych \u017cycia ma\u0142\u017ce\u0144skiego<\/a><\/li>\n\n\n\n<li><a href=\"http:\/\/kodr.pl\/wp-content\/uploads\/2018\/10\/PAPIESKA_RADA_DS._Rodziny_Przygotowanie_do_malzenstwa.pdf\">Przygotowanie do sakramentu ma\u0142\u017ce\u0144stwa 13.05. 1996<\/a><\/li>\n<\/ul>\n\n\n\n<p><\/p>\n\n\n\n<p><strong>Dokumenty Konferencji Episkopatu Polski<\/strong><\/p>\n\n\n\n<ul class=\"wp-block-list\">\n<li><a href=\"http:\/\/kodr.pl\/wp-content\/uploads\/2018\/10\/Stanowisko_biskupow-slub_katolicki_poza_kosciolem.pdf\">Stanowisko biskup\u00f3w polskich w sprawie ma\u0142\u017ce\u0144stwa katolickiego zawieranego poza miejscem \u015bwi\u0119tym<\/a><\/li>\n\n\n\n<li><a href=\"http:\/\/kodr.pl\/wp-content\/uploads\/2018\/10\/Powo%C5%82anie-do-%C5%BCycia-w-ma%C5%82%C5%BCe%C5%84stwie-i-rodzinie.pdf\">Powo\u0142anie do \u017cycia w ma\u0142\u017ce\u0144stwie i rodzinie<\/a><\/li>\n\n\n\n<li><a href=\"http:\/\/kodr.pl\/wp-content\/uploads\/2018\/10\/SUYC_PRAWDZIE_O_MAESTWIE_I_RODZINIE.pdf\">S\u0142u\u017cy\u0107 prawdzie \u2013 o ma\u0142\u017ce\u0144stwie i rodzinie<\/a><\/li>\n\n\n\n<li><a href=\"http:\/\/kodr.pl\/wp-content\/uploads\/2018\/10\/Sol-ziemi.-Powolanie-i-poslannictwo-swieckich.pdf\">S\u00f3l ziemi \u2013 powo\u0142anie i pos\u0142annictwo \u015bwieckich<\/a><\/li>\n\n\n\n<li><a href=\"https:\/\/opoka.org.pl\/biblioteka\/W\/WE\/kep\/kkbids\/malzenstwo1_13121989.html\">Instrukcja Episkopatu Polski o\u00a0przygotowaniu do zwarcia ma\u0142\u017ce\u0144stwa w\u00a0Ko\u015bciele katolickim (05.09.1986)<\/a><\/li>\n\n\n\n<li><a href=\"http:\/\/kodr.pl\/wp-content\/uploads\/2017\/03\/dyrektorium_duszpasterstwa.pdf\">Dyrektorium Duszpasterstwa Rodzin<\/a><\/li>\n\n\n\n<li><a href=\"https:\/\/episkopat.pl\/biskupi-potrzeba-sluzby-malzenstwu-i-rodzinie-oraz-osobom-w-zwiazkach-niesakramentalnych\/\">Wytyczne pastoralne do adhortacji Amoris Laetitia<\/a><\/li>\n<\/ul>\n\n\n\n<p><\/p>\n\n\n\n<p><\/p>\n\n\n\n<p><\/p>\n","protected":false},"excerpt":{"rendered":"<p>Warto zobaczy\u0107 Warto Przeczyta\u0107 Encykliki Adhortacje Listy apostolskie Dokumenty Kongregacji Nauki Wiary Dokumenty Dykasterii ds. \u015awieckich, Rodziny i \u017bycia (d. Papieska Rada ds. Rodziny) Dokumenty Konferencji Episkopatu Polski<\/p>\n","protected":false},"author":3,"featured_media":0,"parent":0,"menu_order":0,"comment_status":"closed","ping_status":"closed","template":"","meta":{"_themeisle_gutenberg_block_has_review":false,"footnotes":""},"class_list":["post-109","page","type-page","status-publish","hentry"],"_links":{"self":[{"href":"https:\/\/dr.swidnica.pl\/index.php?rest_route=\/wp\/v2\/pages\/109","targetHints":{"allow":["GET"]}}],"collection":[{"href":"https:\/\/dr.swidnica.pl\/index.php?rest_route=\/wp\/v2\/pages"}],"about":[{"href":"https:\/\/dr.swidnica.pl\/index.php?rest_route=\/wp\/v2\/types\/page"}],"author":[{"embeddable":true,"href":"https:\/\/dr.swidnica.pl\/index.php?rest_route=\/wp\/v2\/users\/3"}],"replies":[{"embeddable":true,"href":"https:\/\/dr.swidnica.pl\/index.php?rest_route=%2Fwp%2Fv2%2Fcomments&post=109"}],"version-history":[{"count":10,"href":"https:\/\/dr.swidnica.pl\/index.php?rest_route=\/wp\/v2\/pages\/109\/revisions"}],"predecessor-version":[{"id":161,"href":"https:\/\/dr.swidnica.pl\/index.php?rest_route=\/wp\/v2\/pages\/109\/revisions\/161"}],"wp:attachment":[{"href":"https:\/\/dr.swidnica.pl\/index.php?rest_route=%2Fwp%2Fv2%2Fmedia&parent=109"}],"curies":[{"name":"wp","href":"https:\/\/api.w.org\/{rel}","templated":true}]}}